{"id":26,"date":"2022-09-02T09:53:04","date_gmt":"2022-09-02T07:53:04","guid":{"rendered":"https:\/\/www.aalborgretshjaelp.dk\/?page_id=26"},"modified":"2022-09-02T16:20:02","modified_gmt":"2022-09-02T14:20:02","slug":"om-os","status":"publish","type":"page","link":"https:\/\/www.aalborgretshjaelp.dk\/?page_id=26","title":{"rendered":"Om os"},"content":{"rendered":"\n<h2 class=\"wp-block-heading\">Hvem er vi?<\/h2>\n\n\n\n<p>Vores bestyrelse best\u00e5r p\u00e5 nuv\u00e6rende tidspunkt af professor ved Juridisk Institut Anders \u00d8rgaard, advokat Jacob Poulsen Mark, advokat Katrine Dons Kvottrup, en retshj\u00e6lper og to retshj\u00e6lpsledere, der er jurastuderende ved Aalborg Universitet. Bestyrelsen er ansvarlig for st\u00f8rre beslutninger, som foretages i Retshj\u00e6lpens interesse.<\/p>\n\n\n\n<p>Den daglige ledelse af Retshj\u00e6lpen varetages af de to retshj\u00e6lpsledere, mens selve sagsbehandlingen varetages af de ansatte retshj\u00e6lpere. Alle retshj\u00e6lperne er minimum p\u00e5 jurauddannelsens 4. Semester for at sikre h\u00f8j kvalitet i vores r\u00e5dgivning.<\/p>\n\n\n\n<h2 class=\"wp-block-heading\">Hvem f\u00e5r vi tilskud af?<\/h2>\n\n\n\n<p>Vi er en uafh\u00e6ngig organisation, der modtager \u00f8konomiske tilskud fra Civilstyrelsen. Tilskuddet anvendes til forsikring, k\u00f8b af juridiske b\u00f8ger og skrifter, juridiske kurser for retshj\u00e6lperne og generel udbredelse af kendskabet til og vedligeholdelse af De Jurastuderendes Retshj\u00e6lp i Aalborg. Vi modtager ikke st\u00f8tte fra private og henviser derfor heller ikke borgere til bestemte advokater.<\/p>\n\n\n\n<h2 class=\"wp-block-heading\">Hvordan fungerer sagsbehandlingen?<\/h2>\n\n\n\n<p>N\u00e5r du henvender dig til Retshj\u00e6lpen, vil du som hovedregel ikke f\u00e5 et svar med det samme, medmindre der er tale om simpel r\u00e5dgivning. Sp\u00f8rgsm\u00e5lene vil derimod blive taget med til sagsbehandling, der afholdes \u00e9n gang ugentligt. P\u00e5 sagsbehandlingen m\u00f8des en gruppe af retshj\u00e6lpere og unders\u00f8ger svarene p\u00e5 dine juridiske sp\u00f8rgsm\u00e5l. Efter sagsbehandlingen vil retshj\u00e6lperne ringe dig op med svar.<\/p>\n\n\n\n<p>Besvarelsen af dine sp\u00f8rgsm\u00e5l vil altid v\u00e6re godkendt af mindst \u00e9n kandidatstuderende. Derved sikres at vores besvarelser altid har et h\u00f8jt fagligt niveau.<\/p>\n\n\n\n<p>Alle henvendelser bliver nedskrevet i et sagsskema, og hvert kvartal foretager bestyrelsens advokater samt \u00f8vrige frivillige advokater stikpr\u00f8vekontrol af sagsskemaerne for at sikre svarenes faglige niveau og korrekthed.<\/p>\n\n\n\n<p>Desuden har Retshj\u00e6lpen en samarbejdsaftale med de ansatte ved Juridisk Institut samt flere f\u00e6rdiguddannede jurister, som bist\u00e5r retshj\u00e6lperne i deres arbejde.<\/p>\n\n\n\n<p>De Jurastuderendes Retshj\u00e6lp er ansvarsforsikret ved HDI Forsikring, hvorfor vi ikke foretager ansvarsfraskrivelser i forbindelse med vores r\u00e5dgivning. Vi betinger s\u00e5ledes aldrig vores r\u00e5dgivning af, at du har underskrevet en ansvarsfraskrivelse.<\/p>\n","protected":false},"excerpt":{"rendered":"<p>Hvem er vi? Vores bestyrelse best\u00e5r p\u00e5 nuv\u00e6rende tidspunkt af professor ved Juridisk Institut Anders \u00d8rgaard, advokat Jacob Poulsen Mark, advokat Katrine Dons Kvottrup, en retshj\u00e6lper og to retshj\u00e6lpsledere, der er jurastuderende ved Aalborg Universitet. Bestyrelsen er ansvarlig for st\u00f8rre beslutninger, som foretages i Retshj\u00e6lpens interesse. Den daglige ledelse af Retshj\u00e6lpen varetages af de to [&hellip;]<\/p>\n","protected":false},"author":1,"featured_media":0,"parent":10,"menu_order":0,"comment_status":"closed","ping_status":"closed","template":"templates\/template-full-width.php","meta":{"footnotes":""},"class_list":["post-26","page","type-page","status-publish","hentry"],"_links":{"self":[{"href":"https:\/\/www.aalborgretshjaelp.dk\/index.php?rest_route=\/wp\/v2\/pages\/26","targetHints":{"allow":["GET"]}}],"collection":[{"href":"https:\/\/www.aalborgretshjaelp.dk\/index.php?rest_route=\/wp\/v2\/pages"}],"about":[{"href":"https:\/\/www.aalborgretshjaelp.dk\/index.php?rest_route=\/wp\/v2\/types\/page"}],"author":[{"embeddable":true,"href":"https:\/\/www.aalborgretshjaelp.dk\/index.php?rest_route=\/wp\/v2\/users\/1"}],"replies":[{"embeddable":true,"href":"https:\/\/www.aalborgretshjaelp.dk\/index.php?rest_route=%2Fwp%2Fv2%2Fcomments&post=26"}],"version-history":[{"count":4,"href":"https:\/\/www.aalborgretshjaelp.dk\/index.php?rest_route=\/wp\/v2\/pages\/26\/revisions"}],"predecessor-version":[{"id":68,"href":"https:\/\/www.aalborgretshjaelp.dk\/index.php?rest_route=\/wp\/v2\/pages\/26\/revisions\/68"}],"up":[{"embeddable":true,"href":"https:\/\/www.aalborgretshjaelp.dk\/index.php?rest_route=\/wp\/v2\/pages\/10"}],"wp:attachment":[{"href":"https:\/\/www.aalborgretshjaelp.dk\/index.php?rest_route=%2Fwp%2Fv2%2Fmedia&parent=26"}],"curies":[{"name":"wp","href":"https:\/\/api.w.org\/{rel}","templated":true}]}}